n h is divided by 23?
21
Let s(m) = -m**2 + 11*m - 4. Suppose -48 = -3*h + 81. Suppose -x - 31 = -5*u, -5*u - 2*x = -0 - h. What is the remainder when s(8) is divided by u?
6
Suppose -2*c + 13 - 1 = 0. Calculate the remainder when -1*((-198)/3)/3 is divided by c.
4
Let y(u) be the first derivative of -u**2 + 5*u - 4. Suppose 0*x + 3*q = -2*x + 59, -2*x + 57 = q. What is the remainder when x is divided by y(-5)?
13
What is the remainder when 71 + (-2 - 1 - -2) is divided by 24?
22
Suppose 118 = 4*k - 70. What is the remainder when k is divided by 17?
13
Suppose 0*t - 3*t + 15 = 0. Suppose -2*l - z = -31 + 6, t*z = 4*l - 15. What is the remainder when 44 is divided by (l/(-4))/((-5)/30)?
14
Suppose 9 = -2*g + 3*g. Let h = -4 + g. Let m = 24 + -15. What is the remainder when m is divided by h?
4
Suppose 0 = -w + 5*a + 29, -a - 3*a = 4*w - 68. Suppose -2*v + 101 = 3*r, 2*v + 3*v - 4*r = 287. Calculate the remainder when v is divided by w.
17
Calculate the remainder when -4 + 4 - 3 - -50 is divided by 16.
15
Let i be -1 + 24 + 1*-2. Suppose -5*x = -2*x - i. Calculate the remainder when x is divided by 4.
3
Let y(w) = -w**3 + w**2 + 45. Suppose -6*x = 3*u - 2*x, -4*x = 0. Calculate the remainder when y(u) is divided by 12.
9
Suppose -3*x + 4*v = 6 + 8, 5*v - 25 = 0. Suppose -x*l + 7 = u, 4*l = -l - 2*u + 17. Calculate the remainder when 4 is divided by l.
1
Let g = -33 + 64. Calculate the remainder when 59 is divided by g.
28
Let m(x) = x**3 - 4*x**2 - 2*x - 2. Let z = 6 + -1. What is the remainder when m(5) is divided by z?
3
Suppose v = -2 + 8. Suppose -3*u - 2*i + 1 = -v, 3*u + i = 11. Calculate the remainder when u is divided by 4.
1
Let f be (1 + 0)*(15 + -2). Suppose -4*n = 4, n - f = -3*i + 22. Let l(w) = -2*w. Calculate the remainder when l(-11) is divided by i.
10
Let q(f) = -8*f. What is the remainder when 29 is divided by q(-1)?
5
Suppose 5*z + 8*g - 220 = 4*g, 4*z = 4*g + 176. Suppose -3*u + 5*s - 1 = -36, -56 = -4*u + 2*s. What is the remainder when z is divided by u?
14
Let w(p) be the third derivative of 0*p**5 + 0 + 0*p**4 + p**2 + 0*p**3 + 0*p - 7/120*p**6. Calculate the remainder when w(-1) is divided by 3.
1
Suppose -90 = -3*s - 4*a, 5*s + 4*a = 4*s + 38. What is the remainder when 73 is divided by s?
21
Suppose -5*f + 15 = 5*p, -5*p = f - 1 - 2. Suppose p*i = 3*i - n - 79, 0 = -2*i - 2*n + 58. Calculate the remainder when 78 is divided by i.
24
Let o = 22 - 11. Let d(n) = 2*n**2 - 5*n + 2. Let r be d(3). Suppose -2*a - f + 11 = 0, a + a + r*f = 23. Calculate the remainder when o is divided by a.
3
Let f(t) = t**2 - 8*t + 28. What is the remainder when f(-7) is divided by 27?
25
Let j = -107 - -198. Calculate the remainder when j is divided by 23.
22
Suppose -4*j - 56 = -4*s, 4*s + 4*j = 3*s + 9. Suppose 2*c - 15 = s. What is the remainder when c is divided by 10/6*(5 + -2)?
4
What is the remainder when ((-67)/(-5))/(1/5) is divided by 35?
32
Suppose 5*a = 2*t + 78, -5*a = -3*a - t - 32. What is the remainder when 68 is divided by a?
12
Suppose -5*s = -r - 17, -3*r - 2*s = s - 21. Calculate the remainder when 12 is divided by r.
0
Suppose f - 4*f = -18. What is the remainder when 22 is divided by f?
4
Suppose 560 = 6*s + 2*s. Calculate the remainder when s is divided by 18.
16
Suppose -7 + 1 = -3*a. Suppose 14 = a*h + 2. What is the remainder when 22 is divided by h?
4
Let q = -4 + 7. Suppose q*a - 5*a = -46. Calculate the remainder when a is divided by 12.
11
Suppose -3*d = 4*y - 3*y + 8, -32 = -y + 5*d. Let o = 19 - 10. Suppose -2*x + y = -o. Calculate the remainder when x is divided by 3.
2
Let d = 1 - -1. Suppose 0 = -5*w + d*w. Suppose b - 1 - 2 = w. What is the remainder when b is divided by 2?
1
Suppose -7*i + 66 = -32. Calculate the remainder when i is divided by 4.
2
Suppose -11*o + 6*o + 435 = 0. What is the remainder when o is divided by 15?
12
Let t(v) = 4*v**3 - 2*v**2 - 2*v. Let o(n) = 2*n**3 - n**2 - n. Let z(d) = 13*o(d) - 6*t(d). Calculate the remainder when z(3) is divided by 15.
12
Suppose -5*b = 228 - 938. Suppose 4*v + b = 2*h, -5*h = -0*h + 25. Let l = v - -58. What is the remainder when l is divided by 7?
6
Suppose 4*x - 102 = -10. Let f(p) = -12*p - 4. What is the remainder when f(-6) is divided by x?
22
Let b(a) = 1 + 5*a**2 + 4*a - 2 - 4*a**2. Let k(p) = -2*p + 5. Let j be k(5). Calculate the remainder when b(j) is divided by 3.
1
Suppose -o - 21 = -2*c, 3*c + 2*o = -0*o + 14. Let j = c - -18. Calculate the remainder when j is divided by 14.
12
Suppose -2 = 3*j - 38. Calculate the remainder when 47 is divided by j.
11
Let q = 56 - -51. Calculate the remainder when q is divided by 54.
53
Let d be 6/(-1*(-3)/(-3)). What is the remainder when (-15)/d*14 + 2 is divided by 13?
11
Let b be (-18)/1*5/(-15). Let f be ((-2)/b)/((-5)/30). Suppose -4*s + 26 = 2*o, -s + 2*o + f*o = 7. Calculate the remainder when s is divided by 4.
1
Let d(h) = 3*h**2 + h - 1. Suppose -3*u - 102 = -y, 5*u = -2*y + y - 178. Let l = -25 - u. What is the remainder when d(3) is divided by l?
9
Suppose 4*t + 139 = 5*y, -2*y = 3*t - 93 + 19. Let j = -3 - -19. Suppose -3*n + 4*n = j. What is the remainder when y is divided by n?
15
Let z(w) = -w**3 + w**2 - 3*w - 1. Let o be z(-2). Let l = o + 14. Let u = -20 + l. Calculate the remainder when 32 is divided by u.
10
Suppose 5*k - 2*k = i - 3, 5 = 5*k. What is the remainder when (-3)/((-6)/10)*3 is divided by i?
3
Let u = 4 + -2. Suppose 0*q = -2*c - 2*q + 28, -16 = -2*c + u*q. Calculate the remainder when 1*93*2/6 is divided by c.
9
Let w = 76 - 5. Calculate the remainder when w is divided by 37.
34
Let o = 87 + -22. Suppose -4*a - f + 117 = 0, 5*a + o - 200 = -5*f. Let i = 14 - -2. Calculate the remainder when a is divided by i.
14
Suppose -107 = -5*w - 12. Let d = -13 + w. What is the remainder when d is divided by 4?
2
Let q = -29 - -41. Suppose -6*v = -4*v - q. Calculate the remainder when v is divided by 4.
2
Let k(w) = 2*w**3 - 2*w**2 + 2*w - 5. What is the remainder when k(2) is divided by 5?
2
Let m(i) = 3*i - 3 - 4*i + 1. Let a be m(4). What is the remainder when (-3)/(a/38)*1 is divided by 7?
5
Calculate the remainder when 11 is divided by ((-6)/10)/((-13)/65).
2
Suppose -3*m + 55 = 2*m. Calculate the remainder when 46 is divided by 1*m - (-3 + 2).
10
Let a(k) = -k**3 - 3*k**2 + 4*k - 4. Let g(b) be the second derivative of -b**3/6 + 23*b**2/2 - 7*b. Calculate the remainder when a(-5) is divided by g(9).
12
Let y = -6 - -14. What is the remainder when y is divided by 4?
0
Suppose 254 + 52 = -3*j. What is the remainder when 43 is divided by 24/56 - j/7?
13
Let o(a) = a**2 - 5*a + 2. Suppose d + z = 1, -z - 4*z - 20 = 0. Let v be o(d). Calculate the remainder when (-75)/v*4/(-6) is divided by 13.
12
Suppose -2*x + 70 = -u - 45, -u + 3*x - 116 = 0. Let t = 180 + u. Calculate the remainder when t is divided by 23.
21
Let s = 7 + 36. Calculate the remainder when s is divided by 15.
13
Suppose -50 = -3*r - 7*r. Calculate the remainder when 9 is divided by r.
4
Let b = -92 + 159. Calculate the remainder when b is divided by 34.
33
Suppose -6 = -2*v + 4*v. Calculate the remainder when 49 is divided by v - 6/3*-8.
10
Let w = 10 + -6. What is the remainder when (-46)/(-6) + 6/(-9) is divided by w?
3
Suppose -14*r + 83 = -13*r. Let y = 12 - -9. Calculate the remainder when r is divided by y.
20
Suppose -9*g + 147 = -2*g. Let d(m) = 6*m + 3. Calculate the remainder when d(6) is divided by g.
18
Let c(x) = x**3 + 16*x**2 + 10. What is the remainder when 36 is divided by c(-16)?
6
Suppose -5*c = -0*c - 80. Calculate the remainder when 35 is divided by 4/c*4 + 8.
8
Let z(j) = -9*j**2 + 34*j - 31. Let x(h) = 4*h**2 - 17*h + 15. Let u(g) = -7*x(g) - 3*z(g). What is the remainder when u(15) is divided by 10?
8
Let r(b) = b**3 - b**2 - 4*b + 3. Let x be r(3). Let y(g) = -g**2 + 1 - x*g - 5 - 1. Calculate the remainder when y(-6) is divided by 5.
3
Let g = -3 + 4. Let y be (1 + g + -3)*-21. Calculate the remainder when 368/14 - 6/y is divided by 14.
12
Suppose -2*s = 4*c + 168, 3*c - 4*s + 126 = -3*s. Let x = -17 - c. What is the remainder when 99 is divided by x?
24
Let k = -9 + 19. Calculate the remainder when 37 is divided by k.
7
Let q = -8 + 13. Suppose -2*h = 2*h - 40. Suppose 4*j + 3*f = 4